 14.
14
Suppose 0 = 225*g - 227*g + 12. Calculate the highest common divisor of 354 and g.
6
Suppose 15120 = -18*f + 63*f. What is the greatest common divisor of 48 and f?
48
Let g be (-34 + -114)*2*34/(-16). Calculate the greatest common divisor of g and 74.
37
Suppose -t + 10 + 6 = 0. Suppose 5*i + 54 - 13 = -3*j, 4*i = -t. Let x be (-1 + -1 + j)/(-3). What is the highest common divisor of x and 2?
1
Suppose 2*a - 22 = -16. Suppose -u + 3*u + 18 = 2*j, 2*j - 18 = -a*u. Calculate the greatest common factor of j and 72.
9
Let s be (-4 + 7)*1/(-3). Let r be (5/(5/(-3)))/s. Suppose r*x - 22 = -1. Calculate the highest common divisor of x and 56.
7
Let h(t) = -t**3 - 9*t**2 - 6*t - 8. Let z be h(-8). Let n = -9 - z. Suppose -3*u - 174 + 489 = 0. Calculate the highest common factor of n and u.
15
Suppose 16*s + i - 64 = 15*s, -134 = -2*s - 5*i. What is the greatest common factor of s and 6?
2
Suppose 292*o - 696 = 290*o. Calculate the greatest common divisor of o and 18.
6
Suppose -5*k + 36 = 3*y + 5, -2*k - 14 = -y. Calculate the highest common divisor of y and 534.
6
Let u(j) = -7*j - 5. Let o be u(-4). Let w(l) = -l + 4. Let q be w(8). Let m be 2/q - 141/(-6). What is the highest common divisor of o and m?
23
Let x = -149 + 317. Suppose 3*l + 4*y = 80, 2*l - 4*y - 29 = 31. Calculate the highest common factor of l and x.
28
Suppose 5*l + 6*j = 2*j + 64, 4*j - 16 = -2*l. Suppose -z = -6*z + 15. Let v(g) = g - 1. Let u be v(z). What is the greatest common divisor of u and l?
2
Let s = -716 - -818. Calculate the highest common divisor of s and 68.
34
Suppose 0 = -o + 3*a - 3 + 15, 2*o - 4*a - 22 = 0. Suppose -o*d + 96 = -6*d. Calculate the greatest common factor of 4 and d.
4
Let b be (-2)/(-4)*1246/(-7). Let u = b + 179. What is the highest common divisor of 18 and u?
18
Let w = -71 + 1473. Suppose 4*p - 906 = w. Suppose -3*g + p = 4*l - 995, -l - 5*g + 376 = 0. Calculate the greatest common factor of l and 36.
36
Let n = 76 - 50. Let v = 34 - n. Let k(f) = -f**2 + 3*f + 2. Let t be k(3). Calculate the highest common factor of t and v.
2
Let j(q) = q**3 + 17*q**2 - 41*q + 46. Let d be j(-18). Calculate the highest common divisor of 40 and d.
20
Suppose 4*c - 10 = 218. Let h = 39 + -1. What is the greatest common factor of c and h?
19
Let m = -398 - -702. Suppose 3*u + 129 = 3*z, 4*z = 2*z - 4*u + 56. What is the highest common factor of m and z?
38
Let r be 4 - 11/((-55)/2010). Let w = r + -261. What is the greatest common factor of w and 58?
29
Let h(m) = 38*m + 2078. Let p be h(-53). Let o(r) = -r + 4. Let y be o(-4). Calculate the highest common factor of y and p.
8
Suppose 0 = -4*i - 4*r + 2076, 0 = 4*i + 5*r - 436 - 1637. Calculate the highest common divisor of 18 and i.
18
Let v(m) = 2*m**2 - 17*m - 17. Let t be v(11). What is the greatest common factor of t and 38?
38
Let t = 93 - -3. Suppose 2*f + 0*f + w - 141 = 0, -3*f - 3*w + 207 = 0. Calculate the greatest common factor of f and t.
24
Suppose -r = -2*o + 3*o, 2*r = 4*o. Suppose -4*n + 42 + 2 = o. Calculate the greatest common factor of 11 and n.
11
Let b = 420 + -395. What is the greatest common divisor of 10 and b?
5
Let r(h) = h + 9. Let a(b) = -b + 2. Let q be a(2). Let y be r(q). Suppose -127 = -2*s + 71. Calculate the highest common divisor of y and s.
9
Let r be (-6*(-12)/18)/(-4). Let q(y) = 2 + y + y**3 - 2*y**3 - 1 + y**2. Let x be q(r). Calculate the highest common factor of 6 and x.
2
Suppose 1 - 7 = -3*f. Suppose 0 = -r + 18 + f. Suppose 0*j = j - 40. What is the highest common divisor of r and j?
20
Let p = 58 + -55. Suppose 0 = -4*c - 20, 0*c - 10 = n + p*c. Calculate the highest common factor of 10 and n.
5
Suppose 191*c - 792 = 169*c. Suppose -16 = -3*t + 11. What is the highest common divisor of c and t?
9
Let f(o) = -o**2 + 8*o + 9. Let s be f(13). Let j be (13 + -1)*s/(-42). Suppose 4*m = 5 + 59. What is the highest common factor of m and j?
16
Let h(j) = -7 + 19 + 22*j - 34*j. Let y be h(-4). Calculate the highest common divisor of 6 and y.
6
Suppose v + v - 34 = 3*m, -3*v = -m - 44. Let d = 3 + -1. Calculate the highest common divisor of d and v.
2
Suppose 2*t - 36 = -2*t. Let j be 3133/39 - 2/(-3). What is the highest common divisor of t and j?
9
Let r = 29 + -24. Let f(h) = 2*h**2 + 10*h - 4. Let s be f(r). Calculate the greatest common divisor of 12 and s.
12
Let d be (-6)/(-3) + 2*-83. Let l = d + 165. What is the greatest common factor of l and 16?
1
Let d = 12 + 4. Suppose -8*w - 150 = -3*p - 6*w, 5*p = -2*w + 234. Calculate the highest common factor of p and d.
16
Let n(g) = 5*g + 11. Let k(v) = v + 1. Let p(c) = -4*k(c) + n(c). Let i be p(1). What is the greatest common factor of i and 72?
8
Suppose -31*d + 23*d = -848. What is the greatest common divisor of 53 and d?
53
Let j = -13 + 25. Let q = j + -10. Suppose q*m = 5*m - 180. What is the greatest common divisor of 15 and m?
15
Suppose -3*a - 81 = -5*z, -a - 47 - 30 = -5*z. Let f = 630 + -627. Suppose -3*m - z = 0, 3*b + f*m = -0 + 3. Calculate the greatest common divisor of b and 48.
6
Let v be (-2)/3*(-135)/10. Suppose 0 = 3*j - v*j + 42. Calculate the greatest common factor of 63 and j.
7
Let y(k) = 2*k**2 - 4*k + 3. Let q be y(2). Suppose -q*m = -m - 324. Let s be 27 - ((-7 - -12) + 4). What is the highest common factor of m and s?
18
Suppose 91 + 59 = 15*q. Calculate the highest common divisor of 490 and q.
10
Suppose y - 78 = -2*y. Suppose 0 = -3*b + y + 127. What is the highest common factor of b and 34?
17
Suppose 3*w - 4 = -i + 5, 5*i + w - 17 = 0. Suppose -4*z + 0*h + 246 = -2*h, i*h - 198 = -3*z. Calculate the greatest common factor of z and 21.
21
Let z = 27 + -8. Let l = z - -253. Let m = l - 128. What is the greatest common factor of m and 24?
24
Suppose 111*w - 107*w + 254 = 2*j, -493 = -4*j + 5*w. What is the greatest common divisor of 18 and j?
9
Suppose -4*d = 3 + 17. Let v(y) be the second derivative of y**4/12 + y**3/3 + 3*y**2 - y. Let z be v(d). Calculate the greatest common factor of 3 and z.
3
Suppose -6*y + 5*y = -2. Suppose -2*h + 184 = y*h. Let j = -24 + h. Calculate the greatest common divisor of 2 and j.
2
Suppose -23 = -4*m + 5. Let v(z) = 9*z - 20. Let b(h) = -3*h + 7. Let s(l) = 17*b(l) + 6*v(l). Let p be s(m). Calculate the highest common factor of p and 180.
20
Let q(c) = 11*c + 4. Let w be q(4). Let f(l) = -6*l + 4*l + 3*l**2 + 0*l - 4*l. Let a be f(6). What is the highest common factor of w and a?
24
Let v = 280 + -279. Calculate the highest common divisor of v and 7.
1
Let j = 4 - 21. Suppose 3*c + 2 = -19. Let z = c - j. What is the highest common divisor of 90 and z?
10
Let o be -1 - (-1 - (-4 - -6)). Suppose -2*s - 2*n = -o, 4*s + s - n = -1. Suppose s = -2*k + 85 + 27. What is the greatest common divisor of k and 8?
8
Suppose 0 = -5*c - 3*d - 193, -3*c - 2*d = -c + 74. Let j = 66 + c. Calculate the greatest common divisor of 5 and j.
5
Let g(j) = -3 - 2 + 2 + 2*j - 5. Let l be g(6). Suppose -3*t + 333 = p, 3*t + 2*p + 118 = l*t. Calculate the greatest common factor of t and 28.
28
Let v(b) = b**2 + 7*b - 6. Let w be v(6). Let k(l) = l**3 + 15*l**2 - 35*l - 9. Let a be k(-17). What is the greatest common factor of a and w?
8
Suppose 6 = 7*p - 71. What is the highest common factor of p and 22?
11
Suppose -z + 510 = 4*z + 3*s, 5*s - 500 = -5*z. What is the highest common factor of z and 42?
21
Let y(v) be the second derivative of 3*v + 0 - 3*v**2 - 1/3*v**3. Let b be y(-7). What is the greatest common divisor of 16 and b?
8
Suppose 0 = -2*a - 3*r + 579 + 107, -2*a + 5*r = -670. Calculate the highest common divisor of 100 and a.
20
Suppose -s + 2*s - 2 = 0. Let c be 4/(-5)*(-3 + 4/8). Suppose 4*t - c = -3*h + s, 5*t - 5 = 5*h. Calculate the greatest common divisor of t and 4.
1
Suppose -3031 - 329 = -40*i. Calculate the highest common divisor of i and 6.
6
Let i = 48 + -40. Let g be 358/i - (-12)/(-16). What is the greatest common factor of g and 22?
22
Suppose 0*p + 2*n + 91 = 5*p, 6 = -2*n. Let t be ((-11)/(-66)*-51)/((-2)/16). What is the greatest common factor of t and p?
17
Suppose 0 = -18*j + 3755 - 479. Calculate the highest common divisor of j and 2.
2
Let c be 3/((1/22)/(20/30)). What is the highest common divisor of 44 and c?
44
Suppose -4*c + 2*c - 3*q